uppose -2*h - l = -2, 2*l + 1 = h - 3*l. Let d(s) = h*u(s) - r(s). Give d(-6).
8
Let v(b) be the first derivative of -b**3/3 + 2*b**2 + 7*b - 1. What is v(6)?
-5
Let k(b) be the second derivative of -b**6/120 - b**5/12 + b**3 - b**2/2 + 2*b. Let c(j) be the first derivative of k(j). Calculate c(-5).
6
Let j(a) = -a**3 - a**2 + 10. Suppose -2*f - 2*h + 4 + 2 = 0, 5*h = -f + 19. Let z be (f - -1)/(0 + 2). Determine j(z).
10
Let f(j) be the third derivative of j**6/720 + j**4/8 - 3*j**2. Let m(l) be the second derivative of f(l). What is m(-1)?
-1
Let n(w) be the third derivative of -w**7/2520 - w**6/90 - w**5/20 - 7*w**4/24 + w**2. Let c(l) be the second derivative of n(l). Determine c(-7).
1
Let a(p) = p**2 - p. Let l be a(-1). Let r(v) = 3 + 0*v**2 + 5*v + 0*v + v**l. What is r(-5)?
3
Let g(p) = -4*p + 2*p - 2 + 4. Suppose 2*c - 2 = c. Determine g(c).
-2
Let v(l) be the first derivative of 2*l**3 + l**2 - l + 1. Let n(i) = i - 1. Let w(d) = d**2 + 2. Let h be w(0). Let q be n(h). Calculate v(q).
7
Suppose -b + 4*b + 18 = 0. Let v(y) = -y + 3. Give v(b).
9
Let n(s) be the second derivative of -s**3/6 + 2*s**2 - 82*s. Let p be 40/7 + (-4)/(-14). Calculate n(p).
-2
Let q(o) be the third derivative of o**6/120 + o**5/60 - o**4/12 + o**3/2 - 2*o**2. Let k = -15 + 23. Suppose 8*s = 4*s + k. Give q(s).
11
Let t = -1 - -8. Let p = 4 - t. Let j(x) = -x**2 - x + 2. Calculate j(p).
-4
Let t = 0 + 1. Suppose -u = -0*u + t. Let o(f) = -15*f + 2. Let m(a) = 8*a - 1. Let l(c) = -11*m(c) - 6*o(c). Calculate l(u).
-3
Let p(i) = -i - 3. Let f be p(-15). Suppose -f = j - 3*j. Let v(w) = -w**3 + 7*w**2 - 7*w - 1. Give v(j).
-7
Let x = 43 + -46. Let k(h) = h**3 + 3*h**2 - h + 2. Give k(x).
5
Let p(v) = -v**3 - 3*v**2 + 3. Let i = -10 - -7. Determine p(i).
3
Let s(f) be the first derivative of 1 + 5/2*f**2 + 5*f. Let t(y) = -y - 1. Let m(c) = -s(c) - 4*t(c). Calculate m(3).
-4
Let y(u) be the third derivative of u**6/120 - 7*u**5/60 - u**3/3 - 22*u**2. What is y(7)?
-2
Let a(w) = -w**2 - 5*w - 1. Suppose -3*g = -0*g - 6. Let o = g - 6. Let n = -1 + o. What is a(n)?
-1
Let f(d) be the third derivative of 0*d**3 + 0 + 2*d**2 + 1/60*d**5 - 1/6*d**4 + 0*d. Determine f(5).
5
Let w(n) be the first derivative of -7/2*n**2 + n - 2 + 1/6*n**3. Let g(i) be the first derivative of w(i). Determine g(3).
-4
Let x(j) = 2*j - 8. Suppose 22 = -6*n + 64. Calculate x(n).
6
Let a(f) = -f**2 + 4*f - 8. Let n(y) = y - 1. Let w(k) = -a(k) + 4*n(k). Let h be (-3)/((30/(-8))/5). Let u = h - 4. Determine w(u).
4
Let f(h) = -h**2 - 6*h - 3. Let c(m) = -m. Let b(x) = -6*c(x) + f(x). What is b(4)?
-19
Let b = 19 + -13. Let u(d) = d**3 - 6*d**2 + 2*d - 6. Determine u(b).
6
Let y(z) = z**3 + 6*z**2 + 5*z + 2. Suppose 3*k - u = -12, 2*k - 5*u - 2 - 3 = 0. What is y(k)?
2
Let i(l) = -l**2 + 7*l - 7. Let p(n) = -n + 4. Let b be p(0). Let m = b + 1. What is i(m)?
3
Suppose 0 = -4*b + 4*f + 40, f = -3*b + 10 + 4. Let i(h) = -1 - 3*h**3 - 2 - 6*h**2 + 4*h**3. Let z be i(b). Let w(c) = -3*c - 3. Calculate w(z).
6
Let f = 154 + -150. Let n(l) = 4*l - 3. Determine n(f).
13
Let p(g) = -g + 8. Suppose 0 = -z - d + 6, 7*d - 3*d + 32 = 3*z. Calculate p(z).
0
Let c(u) be the third derivative of 11*u**8/6720 - u**7/2520 + u**6/720 + u**4/8 + 2*u**2. Let f(d) be the second derivative of c(d). Calculate f(1).
11
Suppose j + 8 = -3*j. Let c(o) be the second derivative of -o**5/20 - o**4/4 + o**3/6 + o. What is c(j)?
-6
Let w(h) = -3*h**2 + 3*h**2 - 16*h**2 - h**2. What is w(-1)?
-17
Let g(y) = -5 + 3 + 5 - 6 - 4*y. Let f be (1 + 0)/((-2)/4). Give g(f).
5
Let u(d) = -d**3 - 6*d**2 - 4*d - 1. Let x be (-15)/(36/15 - 3). Suppose 7*k + x = 2*k. Determine u(k).
-6
Let n(y) be the first derivative of -y**3/3 - 3*y - 12. Determine n(-4).
-19
Suppose 4*t - 2 = -5*o + 2*t, 3*t - 3 = -o. Let x be (-1 + -2 + o)*-1. Let l(m) = m**2 - 4*m + 3. Calculate l(x).
0
Let u(l) = -l - 1 - 2*l + 6*l. Give u(1).
2
Suppose 0 = -0*a - 5*a + 10. Let k(z) = -2*z + 2*z - 5*z**a - z. Let d(p) = -p + 7. Let h be d(8). Give k(h).
-4
Suppose -2*r = 3*u + 9, -2 = -u - 2*r - 1. Let q(w) = 2*w + 2. What is q(u)?
-8
Let u(f) = -f**2 - 5*f + 2. Let k be (2 + 14 - -1)*-1. Let p = k + 12. What is u(p)?
2
Let z(x) be the third derivative of -x**6/120 + x**5/12 + x**4/4 + 2*x**3/3 + 3*x**2. Let t(m) = 4*m - 18. Let y be t(6). Calculate z(y).
4
Let s(y) be the first derivative of y**4/4 - y**3 + 2*y**2 - 3*y - 62. Calculate s(3).
9
Let o be (-1 - -1)/(4/2). Let s(b) = -7 - 6*b + o - 1 - b**2. Give s(-6).
-8
Let v(u) = u**3 - 5*u**2 - 5*u - 4. Let p be v(6). Let f(z) = 2*z + 1. Calculate f(p).
5
Let w(l) = l**3 + 5*l**2 + 6*l + 3. Let m = 0 - -4. Suppose 0 = -5*i - y + 3*y - 12, -2*i + 3*y = -m. Determine w(i).
-5
Let f(s) = s - 4*s - 4 + 4*s**2 - 2*s**2. Suppose -w + 45 = 2*w. Suppose -2*b = -7*b + w. What is f(b)?
5
Let z(s) = s - 3. Suppose -c = 2*c - 12. Determine z(c).
1
Let g(p) = -4*p - 1. Let l = 25 - 26. Determine g(l).
3
Let n(k) = k**2 + 5*k. Let l be n(-4). Let w(h) = 4*h**2 - 3*h**2 + h**3 - 4*h**2 - 1 - 6*h + 6*h**2. Give w(l).
7
Let d(q) = 2*q**3 + 5*q**2 + 4*q - 7. Let a(t) = t**3 + 5*t**2 + 3*t - 6. Let o(i) = -3*a(i) + 2*d(i). Calculate o(5).
-1
Let m(a) = -6*a**3 - 2*a**2 - a. Let w be m(-1). Let o(g) be the third derivative of 2/3*g**3 + g**2 - 1/12*g**4 + 0 + 0*g. Determine o(w).
-6
Let h(i) = 0*i - 4 + i - 1. Let q be 4 - 84/20 - 36/(-5). Give h(q).
2
Let w(d) be the first derivative of d**3/3 - 2*d + 2. Let v = -5 - -2. Let h be (v/(-9) - 0)*6. Give w(h).
2
Let g = -4 + 6. Let h be (g/6)/((-3)/(-27)). Let y(s) = -1 - h*s**3 + 4*s**3 + 2 + s. Give y(-1).
-1
Let k(x) = -x. Let c(d) = d**2 - d - 1. Suppose 1 + 2 = 3*i. Let f(p) = i*c(p) - 3*k(p). Suppose 2*v = -2*v + 4. Give f(v).
2
Let a(q) be the third derivative of -q**7/504 - 7*q**4/24 - 2*q**2. Let n(d) be the second derivative of a(d). What is n(1)?
-5
Let x(f) = -f**3 - 4*f**2 + 4*f. Let q(u) = -3*u**3 - 12*u**2 + 12*u - 1. Let h(z) = 4*q(z) - 11*x(z). Calculate h(-5).
1
Let z(m) = -m**2. Let p(k) = 5*k**2 + k - 1. Let x(a) = p(a) + 4*z(a). Let y(j) = -j - 6. Suppose -12 = 2*w - 0. Let n be y(w). Give x(n).
-1
Let d(l) be the third derivative of -l**5/60 - l**4/8 - l**3/3 + 20*l**2. Give d(-5).
-12
Let n(c) = -2*c + 4*c - 3*c. Give n(-7).
7
Let j(w) = -5*w - 135 + 135 + 3*w. Determine j(-3).
6
Let j = 2 - 0. Let b = -2 + j. Let n(d) = -d + b + 4 + 3*d. Give n(-3).
-2
Suppose -3*k - 1 = -7. Let t(b) = -3*b**2 + 2*b + 7. Let o(y) = y. Let d be o(4). Let n(x) = -7*x**2 + 5*x + 15. Let z(v) = d*n(v) - 9*t(v). Give z(k).
-3
Let k(a) = a - 1. Suppose 0 = p + 3*d - 3, -2*p + 0*d + 15 = -3*d. Calculate k(p).
5
Let w(a) be the third derivative of -a**6/120 + a**5/12 + 5*a**4/24 + 2*a**3/3 - 5*a**2. What is w(6)?
-2
Let h(v) = v - 2. Let q be h(2). Suppose -2*t = -3*u - 3, t + q = 5*u - 2. Let w(o) = -o**2 + 2*o + 1. Determine w(t).
-2
Let x(w) = w + 10. Let t(n) = -n**3 - 3 + 2*n - n**3 + n**3. Let s be t(2). Let j be x(s). Let f(g) = -g**2 + 3*g - 1. Calculate f(j).
-1
Suppose 2 - 6 = l, -4*l = -3*v + 25. Let i(m) = m**2 - 4*m + 4. Calculate i(v).
1
Let u(k) = k**2 + 9*k - 3. Let x = 24 - 33. Give u(x).
-3
Suppose 3*b - 8 = -17. Let m(w) = 2*w**2 + 4*w + 3. Give m(b).
9
Let l(z) = z**2 - 3*z. Let s be (-2)/(-5) - (-18)/5. Let r be l(s). Let t(k) = -3*k**2 - 2 - 2 + k**3 + 8 - 6*k. What is t(r)?
-4
Let q(c) = -c - 2. Let y(u) = 2. Let s(z) = 4*q(z) + 3*y(z). Determine s(-3).
10
Let m(b) = b**3 + 7*b**2 - 8. Suppose -p + 0*p = 3*r + 19, -5*r = p + 33. Give m(r).
-8
Let i(j) = -2*j + 6. Let d be (-2)/(-6) - (-66)/18. Suppose 2*n - d*n + 12 = 0. Give i(n).
-6
Let t be (-4 - (-3 + 0))*-1. Let s(j) = -2*j**3 + 1. Give s(t).
-1
Let t(l) = l**2 + 9*l + 9. Let x be t(-7). Let o(w) = w + 1. Let f be o(x). Let q(s) = 4*s**2 - 3*s**2 + 2 + 0*s**2 + 5*s. Give q(f).
-2
Let i(r) = 0*r + r + 1 - 2*r**2 - 3*r**2. Let x(o) = -o**2 + 2*o + 2. Suppose -2*t + 5 + 1 = 0. Let l be x(t). Calculate i(l).
-5
Let u(r) = r - 5. Let b(g) = -g**3 - 4*g**2 - 3*g. Let y be b(-3). Calculate u(y).
-5
Let c(u) = u**2 + 1. Let y(n) = n**3 - 4*n**2 - 2*n - 6. Let g(f) = 2*c(f) + y(f). What is g(3)?
-1
Let u be 34/(-4) - 6/(-4). Let j be u + 5 + (1 - 2). Let a(b) = b**3 + 3*b**2 + b - 4. Give a(j).
-7
Let w(v) = v**3 